s the tens digit of q(g)?
1
Let j(l) be the first derivative of 39*l**2/2 + 51*l - 8. What is the hundreds digit of j(10)?
4
Let t(i) = 2*i**3 - 2*i**2 - 174. Let h be t(0). Let o = h - -348. What is the tens digit of o?
7
Let d be -14*(52/14 - 4). Suppose -2*g + 10 = -d*u - 12, -2*g = -5*u - 26. Suppose -g*m + 230 + 292 = 0. What is the tens digit of m?
7
Let p(v) = -4*v + 145. Let f be p(34). Suppose -f*x + 5840 = -505. What is the tens digit of x?
0
Let c(y) = y**3 + 11*y**2 + 8*y - 17. Let o be c(-10). Suppose 0 = 4*b - o*x + x - 58, 0 = 2*x - 2. Suppose b*i - 901 - 914 = 0. What is the tens digit of i?
2
Let n = -399 - -403. Suppose 0 = 2*r + x + 3*x - 956, -r + 466 = -n*x. What is the units digit of r?
4
Let i(x) = 97*x**2 + 15*x - 191. What is the hundreds digit of i(14)?
0
Let w(s) = s**2 + 14*s + 49. Let n be w(-7). Suppose n = -u + 141 + 190. What is the units digit of u?
1
Suppose -7*l + 413172 - 154613 = 0. Suppose -49*k + 12994 + l = 0. What is the hundreds digit of k?
0
Let v = 72 + -45. Suppose -7*l + 5 = -2*l, -5*d = 2*l - v. Suppose 4*w - 936 = -5*y - 217, -908 = -d*w + 3*y. What is the hundreds digit of w?
1
Suppose -31*m + 57303 = -123118 - 33262. What is the hundreds digit of m?
8
Suppose x + 36 = 211. Suppose 0 = 15*j - 10*j - x. Suppose -d + 4 + j = 0. What is the units digit of d?
9
Suppose 156*z = 148*z + 8. Suppose -k + z - 5 = 0, 3*l + 3*k = 2586. What is the units digit of l?
6
Suppose 0 = -4*l + 16, -5*y + 3*l - 132 = -50. Let x = y + 67. What is the tens digit of x?
5
Suppose 2*k - 14 = 0, 0*k = 2*a + 3*k - 104909. What is the hundreds digit of a?
4
Suppose 4*l + 5*g = 46925, 4*g - 3 = 5*g. What is the ten thousands digit of l?
1
Suppose -3*p = -d - 76017, -3*d - 76005 = -141*p + 138*p. What is the ten thousands digit of p?
2
Let r(j) = 45*j**2 - 117*j - 449. What is the units digit of r(-4)?
9
Let o(j) = 4*j**2 - 12*j - 23. Let g be o(-13). Let i = g + -358. What is the hundreds digit of i?
4
Suppose -178707 = -60*v + 526849 + 3812144. What is the hundreds digit of v?
2
Suppose -19*n + 1977 = -9670. Let a = -407 + n. What is the units digit of a?
6
Let l = 9068 + -3159. What is the tens digit of l?
0
Let u = 8689 - 3071. What is the units digit of u?
8
Let a(u) = 3*u + 24. Let k(l) = -2*l**2 + l + 3. Let q be k(2). Let o be (3 - 2) + (q - -21)/3. What is the units digit of a(o)?
5
Suppose 0 = 2*z - 3*x + 2, -10 = -0*x - 5*x. Let u(g) = 22*g - 6. Let r be u(z). What is the units digit of -4*(0 - -1) + r + 102?
6
Suppose -49*f + 1360 + 7705 = 0. What is the hundreds digit of f?
1
Let c(j) = 16*j - 40. Let l be c(-17). Let i = l - -692. What is the units digit of i?
0
Suppose -602 = -3*d - 1772. Let c = -103 - d. What is the hundreds digit of c?
2
Suppose 127*z + 323708 = 2679859 + 698453. What is the thousands digit of z?
4
Suppose 0 = 5*f - r - 50, -5*f + 2*r - 28 + 83 = 0. Suppose -3*n = f, d - 538 = -0*d + n. What is the hundreds digit of d?
5
Suppose 6 = 3*j - 6. Suppose 3*i + i = j*u + 12, -2*u - 4*i = 12. What is the units digit of 2/u + 155/10?
5
Let f = -10611 + 15467. What is the thousands digit of f?
4
Let s(m) = -13*m**2 + 9*m - 9. Let y be s(-10). Let k = y + 2013. What is the hundreds digit of k?
6
What is the thousands digit of 99/(-55)*135850/(-78)?
3
Let x be ((-432)/14)/((-2)/28). Suppose -227 = 3*s + 442. Let y = s + x. What is the hundreds digit of y?
2
Let g(s) = -2*s**2 - 16*s + 4. Let d be g(-8). Suppose -4*z + 3*u = -1426, -d*u - 1269 - 513 = -5*z. What is the hundreds digit of z?
3
Let x(m) = -m**3 + 11*m**2 + 16*m - 12. Let i be x(12). Suppose -i*n + 41*n = 2160. What is the units digit of n?
2
Suppose -3*v - 63 = -3*o - 12, 0 = -3*v - 3*o - 21. Let c = -15 - v. What is the tens digit of 5 - 4 - 9*c?
2
Let i(o) = 5*o**2 - 14*o + 31. Let u be i(2). Let a(g) = 4*g**2 - 37*g + 167. What is the thousands digit of a(u)?
1
Suppose 3*x + 4*b - 304 = 33704, -5*x - 4*b + 56664 = 0. What is the units digit of x?
8
Suppose 80139 + 35308 = 12*d - 43097. What is the units digit of d?
2
What is the thousands digit of 10284 - (-4)/5*25?
0
Suppose 0 = 4*q + 5*q - 18. Suppose 0 = 3*h - 12 + 21. What is the units digit of 162 + h*q/(-6)*2?
4
Let x be (-10)/(((-16)/12)/(30/(-9))). Let a = 133 + x. What is the units digit of a?
8
Let l(n) = n**2 + 115. Let u(i) = 14*i**2 + 117 - 12*i**2 + 114 + i. Let d(h) = -7*l(h) + 4*u(h). What is the tens digit of d(0)?
1
Let u = -1782 - -2750. Suppose -3*a + 9 = -4*p + p, -4*p = 2*a - 18. Suppose a*n - u = -88. What is the hundreds digit of n?
1
Let r(w) = -801*w - 692. What is the units digit of r(-12)?
0
Suppose 199*c - 118*c = 461432 + 49759. What is the tens digit of c?
1
Suppose 2*s + 1095 = 3*v, 4*s - 2*v = -1363 - 823. Let m = s - -816. What is the units digit of m?
0
Let a(w) = 17*w**3 + 5*w**2 - 5*w + 1. Let f be a(2). Suppose 0 = 9*g + 807 + f. Let i = 180 + g. What is the units digit of i?
4
Let h = 31 + -27. Let y = -216 + 216. Suppose y = -2*j + 2*v + 392, -5*j = h*v - 650 - 330. What is the hundreds digit of j?
1
Suppose 927397 = 639*b - 1358306. What is the units digit of b?
7
Let o be (3 - 5) + 18/6. Suppose f - 5*v + 21 = 0, 4*f - 4*v - o = -v. Suppose 3*g = -w + 8, 7*w + 3*g = f*w + 54. What is the tens digit of w?
2
Let f(q) be the second derivative of -q**3/6 + 5*q**2/2 + 2*q - 1. What is the units digit of f(0)?
5
Let u(a) = 6*a + 54. Let v be u(11). Suppose 0 = 5*m + v - 645. What is the hundreds digit of m?
1
Let w(f) = f**3 + 18*f**2 + 13*f - 8. Let v be w(-13). Suppose 2*y + v = 2276. What is the tens digit of y?
0
Let o be 10840/(-12)*1152/(-60). What is the hundreds digit of o/10 - (-5 - (-66)/15)?
7
Let w = 11753 - 5019. What is the thousands digit of w?
6
Suppose -5*y + 0*y + 75 = 0. What is the units digit of ((-5)/(y/(-8)))/((-6)/(-369))?
4
Let c = 366 - 87. Let o = -68 + c. What is the tens digit of o?
1
Let t(j) = j**2 - 14*j + 25. Let y(g) = 3*g - 29. Let d be y(14). Let u be t(d). Suppose u + 6 = s. What is the units digit of s?
8
Suppose 367*s - 331*s = 918288. What is the tens digit of s?
0
Let t = 29109 + -19394. What is the units digit of t?
5
Suppose 4*k + 5*z = 16407 + 69512, 3*k + 6*z = 64446. What is the units digit of k?
6
What is the hundreds digit of (-3 + 6/(-12) + 3)*-29934?
9
Suppose 4*o - 4 = 3*c + 14, -2*c = -2*o + 8. Suppose -h = 2*h - o. Suppose -7*t + h*t = -260. What is the tens digit of t?
5
Let o be (-1)/(-2) - (11025/6)/5. Let t = o - -691. What is the hundreds digit of t?
3
What is the tens digit of (-140 - -4)/17*(-42310)/16?
5
Let k be (-6 - -3)*(1 - 2). Suppose -134 - 146 = -2*o + 2*t, -k*t + 3 = 0. What is the tens digit of o?
4
Let q(r) = 7*r**3 - r**2 + 11*r - 666. What is the ten thousands digit of q(15)?
2
Suppose 12*v = 80431 - 21307. What is the tens digit of v?
2
Let b = -2197 - -3452. Suppose 1241 = 3*j - 2*r, -5*r - 21 + b = 3*j. What is the hundreds digit of j?
4
Let h(r) = -r**3 + 16*r**2 + 17*r + 6. Let f be h(17). Suppose -320 = -f*b + 274. What is the tens digit of b?
9
Suppose -15*w + 17533 = 2*n - 20*w, 15 = -5*w. What is the thousands digit of n?
8
Let h(p) = -47*p**3 + 6*p**2 + 3*p + 2. Suppose 0 = 23*s + 100 - 54. What is the tens digit of h(s)?
9
Suppose d + 10 = 5*g - 9, -5*g + 3*d + 27 = 0. Let c be (26 + g*6/9)*1. What is the units digit of 492/7 + (-8)/c?
0
What is the units digit of (1373940/(-2975) + (-6)/(-14))/(2/(-100))?
0
Let o = 4057 + 34645. What is the units digit of o?
2
Suppose -14*a + 8117 = 3049. Let z = a + 658. What is the thousands digit of z?
1
Let p(r) = -3*r**3 + 38*r**2 + 11*r + 25. Let w(i) = -5*i**3 + 57*i**2 + 17*i + 37. Let k(n) = -8*p(n) + 5*w(n). What is the tens digit of k(-19)?
4
Suppose -2*s = -6*l + 3*l - 460, 3*l = -2*s - 452. Let y = 125 - l. Suppose u + 543 = 4*t, -2*t + y = 7*u - 2*u. What is the units digit of t?
6
Suppose -a + 64 = -5*o, -4*o = 3*a - 3*o - 240. Suppose -a*m - 94 = -80*m. What is the units digit of m?
4
Suppose 4*f - a - 3439 = 0, -3*a = f + f - 1709. Suppose 5*n - 2*k + 4*k - f = 0, 4*n = 2*k + 698. What is the units digit of n?
3
Let s be 3*12/9 + -44. Let v = 41 + s. Suppose -6 = -f - v. What is the units digit of f?
5
Let g = 2366 + -3662. Let s = g + 2188. What is the units digit of s?
2
Suppose -4*d - 5*p = -14127, 4*d = 13*p